1 is divided by 960?
111
Calculate the remainder when 1636 is divided by 16.
4
What is the remainder when 47207 is divided by 47204?
3
Calculate the remainder when 769 is divided by 223.
100
What is the remainder when 1488142 is divided by 253?
249
What is the remainder when 8936 is divided by 785?
301
What is the remainder when 67117 is divided by 13?
11
What is the remainder when 61612 is divided by 20536?
4
What is the remainder when 4422 is divided by 11?
0
Calculate the remainder when 232918 is divided by 180.
178
Calculate the remainder when 8093 is divided by 7818.
275
Calculate the remainder when 3057 is divided by 15.
12
Calculate the remainder when 3591 is divided by 223.
23
Calculate the remainder when 644 is divided by 198.
50
What is the remainder when 267 is divided by 246?
21
What is the remainder when 13571 is divided by 6781?
9
What is the remainder when 18689 is divided by 1038?
5
What is the remainder when 77143 is divided by 38566?
11
Calculate the remainder when 5944 is divided by 2767.
410
What is the remainder when 10313 is divided by 565?
143
What is the remainder when 50010 is divided by 153?
132
Calculate the remainder when 348631 is divided by 9.
7
Calculate the remainder when 16148 is divided by 2016.
20
Calculate the remainder when 86183 is divided by 58.
53
Calculate the remainder when 1314429 is divided by 672.
669
Calculate the remainder when 383262 is divided by 175.
12
What is the remainder when 1362 is divided by 279?
246
What is the remainder when 49904 is divided by 9975?
29
What is the remainder when 93143 is divided by 22?
17
Calculate the remainder when 8163602 is divided by 257.
254
Calculate the remainder when 5542 is divided by 29.
3
What is the remainder when 4656 is divided by 1583?
1490
Calculate the remainder when 8307 is divided by 104.
91
What is the remainder when 109834 is divided by 646?
14
Calculate the remainder when 106970 is divided by 106954.
16
Calculate the remainder when 9916 is divided by 659.
31
Calculate the remainder when 50604 is divided by 19.
7
Calculate the remainder when 51923 is divided by 37.
12
Calculate the remainder when 2198 is divided by 1057.
84
Calculate the remainder when 2208129 is divided by 747.
744
What is the remainder when 418477 is divided by 83?
74
Calculate the remainder when 90729 is divided by 31.
23
What is the remainder when 3011 is divided by 339?
299
Calculate the remainder when 24168 is divided by 23.
18
Calculate the remainder when 1291 is divided by 434.
423
What is the remainder when 6250 is divided by 1931?
457
What is the remainder when 4767 is divided by 159?
156
Calculate the remainder when 206077 is divided by 642.
637
Calculate the remainder when 48698 is divided by 85.
78
Calculate the remainder when 5295 is divided by 294.
3
Calculate the remainder when 11522 is divided by 11521.
1
Calculate the remainder when 184695 is divided by 47.
32
Calculate the remainder when 107500 is divided by 107441.
59
What is the remainder when 1375686 is divided by 718?
716
What is the remainder when 3710 is divided by 925?
10
What is the remainder when 15755 is divided by 1121?
61
What is the remainder when 3127 is divided by 66?
25
What is the remainder when 22077 is divided by 80?
77
Calculate the remainder when 796968 is divided by 7.
4
What is the remainder when 9588 is divided by 43?
42
What is the remainder when 15703 is divided by 56?
23
What is the remainder when 9919 is divided by 3302?
13
Calculate the remainder when 2577 is divided by 850.
27
What is the remainder when 4601 is divided by 685?
491
What is the remainder when 42525 is divided by 13?
2
What is the remainder when 10741 is divided by 826?
3
What is the remainder when 41634 is divided by 2081?
14
Calculate the remainder when 5772 is divided by 5748.
24
What is the remainder when 35183 is divided by 8793?
11
Calculate the remainder when 7528702 is divided by 24.
22
What is the remainder when 34068 is divided by 286?
34
Calculate the remainder when 2966 is divided by 298.
284
What is the remainder when 54064 is divided by 530?
4
What is the remainder when 76118 is divided by 106?
10
What is the remainder when 14751 is divided by 369?
360
What is the remainder when 45838 is divided by 45813?
25
Calculate the remainder when 6318 is divided by 3151.
16
Calculate the remainder when 171843 is divided by 5.
3
What is the remainder when 171473 is divided by 391?
215
What is the remainder when 713080 is divided by 17?
15
What is the remainder when 66829 is divided by 662?
629
Calculate the remainder when 74461 is divided by 16.
13
What is the remainder when 33449 is divided by 342?
275
Calculate the remainder when 20302 is divided by 376.
374
What is the remainder when 3291 is divided by 1078?
57
Calculate the remainder when 19165 is divided by 9574.
17
What is the remainder when 32255 is divided by 461?
446
Calculate the remainder when 169883 is divided by 132.
131
Calculate the remainder when 18261 is divided by 445.
16
Calculate the remainder when 43038 is divided by 21515.
8
What is the remainder when 79845 is divided by 7?
3
What is the remainder when 24908 is divided by 774?
140
Calculate the remainder when 418189 is divided by 4.
1
What is the remainder when 18745 is divided by 1703?
12
What is the remainder when 7457 is divided by 1348?
717
What is the remainder when 2862 is divided by 820?
402
What is the remainder when 62391 is divided by 327?
261
What is the remainder when 49422 is divided by 15?
12
What is the remainder when 1794 is divided by 266?
198
What is the remainder when 31345 is divided by 47?
43
What is the remainder when 6312 is divided by 6279?
33
What is the remainder when 3036 is divided by 178?
10
Calculate the remainder when 96432 is divided by 1221.
1194
What is the remainder when 8251358 is divided by 20?
18
Calculate the remainder when 2149058 is divided by 5.
3
What is the remainder when 85667 is divided by 79?
31
What is the remainder when 153600 is divided by 219?
81
Calculate the remainder when 2554 is divided by 399.
160
What is the remainder when 341646 is divided by 49?
18
Calculate the remainder when 31487 is divided by 20.
7
What is the remainder when 105414 is divided by 17569?
0
What is the remainder when 889 is divided by 61?
35
What is the remainder when 4705 is divided by 2343?
19
What is the remainder when 2769 is divided by 185?
179
What is the remainder when 211604 is divided by 204?
56
What is the remainder when 326 is divided by 291?
35
Calculate the remainder when 49609 is divided by 1239.
49
Calculate the remainder when 3464 is divided by 1714.
36
Calculate the remainder when 19682 is divided by 127.
124
What is the remainder when 16059 is divided by 220?
219
What is the remainder when 16589 is divided by 10?
9
Calculate the remainder when 4523 is divided by 1379.
386
What is the remainder when 46461 is divided by 132?
129
What is the remainder when 61656 is divided by 59?
1
Calculate the remainder when 21210 is divided by 816.
810
Calculate the remainder when 14983 is divided by 28.
3
What is the remainder when 76568 is divided by 65?
63
Calculate the remainder when 129590 is divided by 231.
230
What is the remainder when 44521 is divided by 27?
25
What is the remainder when 1233406 is divided by 273?
265
What is the remainder when 396518 is divided by 79301?
13
Calculate the remainder when 7680 is divided by 313.
168
What is the remainder when 4947 is divided by 865?
622
Calculate the remainder when 16267 is divided by 3253.
2
What is the remainder when 116271 is divided by 116251?
20
What is the remainder when 712038 is divided by 44501?
22
Calculate the remainder when 28715 is divided by 14355.
5
What is the remainder when 47426 is divided by 30?
26
What is the remainder when 6900 is divided by 417?
228
What is the remainder when 6077 is divided by 36?
29
What is the remainder when 4180079 is divided by 30?
29
Calculate the remainder when 2236 is divided by 101.
14
Calculate the remainder when 2047 is divided by 82.
79
What is the remainder when 3862 is divided by 1896?
70
Calculate the remainder when 59005 is divided by 2.
1
Calculate the remainder when 97115 is divided by 81.
77
What is the remainder when 6688635 is divided by 222?
219